{"id":1007,"date":"2021-02-08T08:50:10","date_gmt":"2021-02-08T07:50:10","guid":{"rendered":"https:\/\/emporium-art.com\/?post_type=product&#038;p=1007"},"modified":"2022-06-21T13:27:32","modified_gmt":"2022-06-21T11:27:32","slug":"abito-dei-rappresentanti-del-popolo-francese","status":"publish","type":"product","link":"https:\/\/emporium-art.com\/?product=abito-dei-rappresentanti-del-popolo-francese","title":{"rendered":"ABITO DEI RAPPRESENTANTI DEL POPOLO FRANCESE"},"content":{"rendered":"<p class=\"p1\">Nice, Presso la Calcografia Nazionale, e Presso i principali Merc(a)ti di Stampe d\u2019Italia, 1796.\u00a0 Exemplaire fourr\u00e9 avec la rarissime planche s\u00e9par\u00e9e r\u00e9alis\u00e9e par le m\u00eame \u00e9diteur.<\/p>\n<p class=\"p1\">Plein veau bleu nuit, dos aux fleurons et titre dor\u00e9s, \u00e9tui cartonn\u00e9 marbr\u00e9, cm. 22 x 16, pp [1] + frontispice avec une grande vignette aquarell\u00e9e \u00e0 la main tr\u00e8s belle + 19 planches aquarell\u00e9es \u00e0 la main + [1] + la rarissime grande planche (cm. 44 x 35) montrant les 19 costumes et une grande vignette centrale repr\u00e9sentant la &#8220;Sala del Consiglio dei Cinquecento&#8221; (la Salle du Conseil des Cinq cents).<\/p>\n<p class=\"p1\">Tr\u00e8s rare premi\u00e8re \u00e9dition de ce livre de costumes en langue italienne de la France post-r\u00e9volutionnaire, publi\u00e9 \u00e0 Nice en 1796, l&#8217;ann\u00e9e m\u00eame o\u00f9 les arm\u00e9es sous le commandement de Napol\u00e9on envahissaient l&#8217;Italie. La page de titre grav\u00e9e \u00e0 la main et 19 gravures color\u00e9es \u00e0 la main illustrent les uniformes nouvellement propos\u00e9s pour les fonctionnaires fran\u00e7ais op\u00e9rant sous le Directoire de la Premi\u00e8re R\u00e9publique fran\u00e7aise r\u00e9cemment cr\u00e9\u00e9.<\/p>\n<p class=\"p1\">L&#8217;ouvrage est fascinant \u00e0 la fois en tant que bilan de l&#8217;influence du n\u00e9oclassicisme sur la mode masculine, m\u00eame aux plus hauts niveaux gouvernementaux, et en tant que document de propagande destin\u00e9 \u00e0 ouvrir la voie \u00e0 l&#8217;influence fran\u00e7aise sur la p\u00e9ninsule italienne et au-del\u00e0.<\/p>\n<p class=\"p1\">L&#8217;ouvrage ne contient aucune information sur la paternit\u00e9, que ce soit pour ses eaux-fortes ou son texte explicatif, mais l&#8217;\u0153uvre est apparemment li\u00e9e aux 12 planches de Jacques Grasset de Saint-Saveur (1757-1810) &#8220;Costumes des repr\u00e9sentans du peuple&#8221; \u00e9dit\u00e9s la m\u00eame ann\u00e9e (Paris, chez Deroy, 1796), \u00e9tant donn\u00e9 que leurs pages de titre et 8 des planches sont de conception similaire. Grasset de Saint-Saveur a affirm\u00e9 que de nouveaux styles de costumes lui avaient \u00e9t\u00e9 fournis par \u201cle ministre de l&#8217;Int\u00e9rieur\u201d. Ces costumes sont dans l&#8217;esprit de ceux qui ont \u00e9t\u00e9 esquiss\u00e9s par le c\u00e9l\u00e8bre artiste n\u00e9oclassique Jacques-Louis David (1748-1824) en 1794 pendant le r\u00e8gne jacobin: \u201cBien que l&#8217;id\u00e9e d&#8217;un uniforme civil ait \u00e9t\u00e9 enti\u00e8rement abandonn\u00e9e apr\u00e8s la chute des Jacobins, la question des uniformes officiels pour distinguer les personnes en position d&#8217;autorit\u00e9 fut \u00e0 nouveau soulev\u00e9e par le gouvernement du Directoire peu apr\u00e8s l&#8217;\u00e9laboration de la nouvelle Constitution en ao\u00fbt 1795. Celui qui \u00e9tait responsable des dessins des uniformes des fonctionnaires du Directoire, donn\u00e9 par le Ministre de l&#8217;Int\u00e9rieur \u00e0 Grasset de Saint-Sauveur pour publication dans un volume de gravures en couleur avec des descriptions qui l&#8217;accompagnent, doit plus qu&#8217;un peu aux propositions de David un an plus t\u00f4t pour son inspiration\u201d (Harris, p. 308).<\/p>\n<p class=\"p1\">L&#8217;ABITO DEI RAPPRESENTANTI DEL POPOLO\u00a0 FRANCESE comprend des dessins suppl\u00e9mentaires qui ne sont pas pr\u00e9sents dans l&#8217;\u0153uvre en langue fran\u00e7aise de Jacques Grasset de Saint-Saveur. Christian-Marc Boss\u00e9no sugg\u00e8re que l&#8217;\u0153uvre en langue italienne \u00e9tait un projet de PURE propagande se faisant passer pour un livre populaire sur le costume n\u00e9oclassique (\u201csous le pr\u00e9texte de pr\u00c9senter au public \u00e9clair\u00e9 ces costumes d&#8217;inspiration antique, mais en fait dans un strict but de propagande\u201d, p. 384). Si tel est le cas, sa raret\u00e9 aujourd&#8217;hui est peut-\u00eatre en partie attribuable au rejet ult\u00e9rieur de l&#8217;influence fran\u00e7aise en Italie.<\/p>\n<p class=\"p1\">Mis \u00e0 part l&#8217;importance politique, le volume est un t\u00e9moignage pr\u00e9cieux de l&#8217;influence de la robe gr\u00e9co-romaine sur la mode fran\u00e7aise \u00e0 la fin du XVIIIe si\u00e8cle. Alors que les modes n\u00e9oclassiques pour les femmes ont \u00e9t\u00e9 rapidement et largement adopt\u00e9es, avec de nouveaux modes radicaux emprunt\u00e9s \u00e0 la statuaire antique, les styles n\u00e9oclassiques pour les hommes se sont av\u00e9r\u00e9s plus probl\u00e9matiques. Par exemple, les pantalons longs et les culottes jusqu&#8217;aux genoux, chacun avec leurs propres connotations politiques, \u00e9taient r\u00e9pandus et enracin\u00e9s en France dans les ann\u00e9es 1790, mais l&#8217;utilisation du pantalon dans l&#8217;antiquit\u00e9 \u00e9tait toujours associ\u00e9e aux barbares, la toge ou la tunique \u00e9tant consid\u00e9r\u00e9e comme appropri\u00e9e parmi Romains et Grecs.<\/p>\n<p class=\"p1\">En Italie un seul exemplaire fourr\u00e9 de la planche est signl\u00e9 dans la Raccolta Bertarelli \u00e0 Milan.<\/p>\n<p class=\"p1\"><i>K. le Bourhis, et al., \u00c9ds., The Age of Napoleon: Costume from Revolution to Empire, 1789-1815; J. Harris, \u00abLe bonnet rouge de la libert\u00e9: une \u00e9tude de la robe port\u00e9e par les partisans de la r\u00e9volution fran\u00e7aise 1789-1794\u00bb, \u00c9tudes du dix-huiti\u00e8me si\u00e8cle, vol. 14, non. 3 (1981), pages 283-312; CM. Boss\u00e9no, \u00abLa guerre des estampes: Circulation des images et des th\u00e8mes iconographiques dans l\u2019Italie des ann\u00e9es 1789-1799\u00bb, M\u00e9langes de l\u2019\u00e9cole fran\u00e7aise de Rome, vol. 102, n \u00b0 2 (1990), pages 367-400; Jacques Grasset de Saint-Saveur, robes des repr\u00e9sentants du peuple, des membres des deux conseils et du Directoire ex\u00e9cutif\u2026 Londres, E. Harding, 1797.\u00a0<\/i><\/p>\n<p><a href=\"https:\/\/emporium-art.com\/wp-content\/uploads\/2021\/02\/0-1.jpg\"><img loading=\"lazy\" decoding=\"async\" class=\"alignnone size-medium wp-image-1008\" src=\"https:\/\/emporium-art.com\/wp-content\/uploads\/2021\/02\/0-1-210x300.jpg\" alt=\"\" width=\"210\" height=\"300\" srcset=\"https:\/\/emporium-art.com\/wp-content\/uploads\/2021\/02\/0-1-210x300.jpg 210w, https:\/\/emporium-art.com\/wp-content\/uploads\/2021\/02\/0-1.jpg 476w\" sizes=\"auto, (max-width: 210px) 100vw, 210px\" \/><\/a> <a href=\"https:\/\/emporium-art.com\/wp-content\/uploads\/2021\/02\/0-2.jpg\"><img loading=\"lazy\" decoding=\"async\" class=\"alignnone size-medium wp-image-1009\" src=\"https:\/\/emporium-art.com\/wp-content\/uploads\/2021\/02\/0-2-209x300.jpg\" alt=\"\" width=\"209\" height=\"300\" srcset=\"https:\/\/emporium-art.com\/wp-content\/uploads\/2021\/02\/0-2-209x300.jpg 209w, https:\/\/emporium-art.com\/wp-content\/uploads\/2021\/02\/0-2.jpg 474w\" sizes=\"auto, (max-width: 209px) 100vw, 209px\" \/><\/a> <a href=\"https:\/\/emporium-art.com\/wp-content\/uploads\/2021\/02\/0-3.jpg\"><img loading=\"lazy\" decoding=\"async\" class=\"alignnone size-medium wp-image-1010\" src=\"https:\/\/emporium-art.com\/wp-content\/uploads\/2021\/02\/0-3-219x300.jpg\" alt=\"\" width=\"219\" height=\"300\" srcset=\"https:\/\/emporium-art.com\/wp-content\/uploads\/2021\/02\/0-3-219x300.jpg 219w, https:\/\/emporium-art.com\/wp-content\/uploads\/2021\/02\/0-3.jpg 496w\" sizes=\"auto, (max-width: 219px) 100vw, 219px\" \/><\/a> <a href=\"https:\/\/emporium-art.com\/wp-content\/uploads\/2021\/02\/0-4.jpg\"><img loading=\"lazy\" decoding=\"async\" class=\"alignnone size-medium wp-image-1011\" src=\"https:\/\/emporium-art.com\/wp-content\/uploads\/2021\/02\/0-4-211x300.jpg\" alt=\"\" width=\"211\" height=\"300\" srcset=\"https:\/\/emporium-art.com\/wp-content\/uploads\/2021\/02\/0-4-211x300.jpg 211w, https:\/\/emporium-art.com\/wp-content\/uploads\/2021\/02\/0-4.jpg 478w\" sizes=\"auto, (max-width: 211px) 100vw, 211px\" \/><\/a> <a href=\"https:\/\/emporium-art.com\/wp-content\/uploads\/2021\/02\/0-5.jpg\"><img loading=\"lazy\" decoding=\"async\" class=\"alignnone size-medium wp-image-1012\" src=\"https:\/\/emporium-art.com\/wp-content\/uploads\/2021\/02\/0-5-300x210.jpg\" alt=\"\" width=\"300\" height=\"210\" srcset=\"https:\/\/emporium-art.com\/wp-content\/uploads\/2021\/02\/0-5-300x210.jpg 300w, https:\/\/emporium-art.com\/wp-content\/uploads\/2021\/02\/0-5-768x539.jpg 768w, https:\/\/emporium-art.com\/wp-content\/uploads\/2021\/02\/0-5-568x399.jpg 568w, https:\/\/emporium-art.com\/wp-content\/uploads\/2021\/02\/0-5.jpg 868w\" sizes=\"auto, (max-width: 300px) 100vw, 300px\" \/><\/a> <a href=\"https:\/\/emporium-art.com\/wp-content\/uploads\/2021\/02\/0-6.jpg\"><img loading=\"lazy\" decoding=\"async\" class=\"alignnone size-medium wp-image-1013\" src=\"https:\/\/emporium-art.com\/wp-content\/uploads\/2021\/02\/0-6-201x300.jpg\" alt=\"\" width=\"201\" height=\"300\" srcset=\"https:\/\/emporium-art.com\/wp-content\/uploads\/2021\/02\/0-6-201x300.jpg 201w, https:\/\/emporium-art.com\/wp-content\/uploads\/2021\/02\/0-6.jpg 454w\" sizes=\"auto, (max-width: 201px) 100vw, 201px\" \/><\/a><\/p>\n","protected":false},"excerpt":{"rendered":"<p class=\"p1\">Membri dei due Consigli del Direttorio Esecutivo, dei Ministri dei Tribunali, dei Messageri di Stato Uscieri, ed altri Funzionari pubblici.<\/p>\n","protected":false},"featured_media":1014,"comment_status":"open","ping_status":"closed","template":"","meta":[],"product_brand":[],"product_cat":[32],"product_tag":[],"class_list":{"0":"post-1007","1":"product","2":"type-product","3":"status-publish","4":"has-post-thumbnail","6":"product_cat-libri-antichi","8":"first","9":"instock","10":"taxable","11":"shipping-taxable","12":"purchasable","13":"product-type-simple"},"_links":{"self":[{"href":"https:\/\/emporium-art.com\/index.php?rest_route=\/wp\/v2\/product\/1007","targetHints":{"allow":["GET"]}}],"collection":[{"href":"https:\/\/emporium-art.com\/index.php?rest_route=\/wp\/v2\/product"}],"about":[{"href":"https:\/\/emporium-art.com\/index.php?rest_route=\/wp\/v2\/types\/product"}],"replies":[{"embeddable":true,"href":"https:\/\/emporium-art.com\/index.php?rest_route=%2Fwp%2Fv2%2Fcomments&post=1007"}],"wp:featuredmedia":[{"embeddable":true,"href":"https:\/\/emporium-art.com\/index.php?rest_route=\/wp\/v2\/media\/1014"}],"wp:attachment":[{"href":"https:\/\/emporium-art.com\/index.php?rest_route=%2Fwp%2Fv2%2Fmedia&parent=1007"}],"wp:term":[{"taxonomy":"product_brand","embeddable":true,"href":"https:\/\/emporium-art.com\/index.php?rest_route=%2Fwp%2Fv2%2Fproduct_brand&post=1007"},{"taxonomy":"product_cat","embeddable":true,"href":"https:\/\/emporium-art.com\/index.php?rest_route=%2Fwp%2Fv2%2Fproduct_cat&post=1007"},{"taxonomy":"product_tag","embeddable":true,"href":"https:\/\/emporium-art.com\/index.php?rest_route=%2Fwp%2Fv2%2Fproduct_tag&post=1007"}],"curies":[{"name":"wp","href":"https:\/\/api.w.org\/{rel}","templated":true}]}}