{"id":974,"date":"2020-11-10T02:25:29","date_gmt":"2020-11-10T01:25:29","guid":{"rendered":"https:\/\/emporium-art.com\/?post_type=product&#038;p=974"},"modified":"2020-11-10T02:25:29","modified_gmt":"2020-11-10T01:25:29","slug":"ampelographie-traite-general-de-viticulture","status":"publish","type":"product","link":"https:\/\/emporium-art.com\/?product=ampelographie-traite-general-de-viticulture","title":{"rendered":"Amp\u00e9lographie, trait\u00e9 g\u00e9n\u00e9ral de Viticulture"},"content":{"rendered":"<p class=\"p1\">VIALA (P.) &amp; VERMOREL (V.) &#8211; Amp\u00e9lographie, trait\u00e9 g\u00e9n\u00e9ral de Viticulture<\/p>\n<p class=\"p1\">Paris, Masson, 1901-1910. Prima edizione.<\/p>\n<p class=\"p2\">7 volumi in foglio (35 x 25 cm.), mezza pelle verde, dorso con 5 nervi, titolo in oro, copertine conservate (legatura<\/p>\n<p class=\"p2\">del periodo, dorsi leggermente scoloriti). Pagine: VIII, 729\/408\/392\/374\/358\/476\/408 e 570 tavole f.t.<\/p>\n<p class=\"p1\">Importante opera magnificamente illustrata di 570 grandi tavole f.t., di cui 500 a colori dipinte da A.<\/p>\n<p class=\"p1\">Kreyder e J. Troncy (litografate dalle stamperie di Champenois), e 840 figure in nero nel testo.<\/p>\n","protected":false},"excerpt":{"rendered":"<p class=\"p1\">Prima edizione di questo monumento dedicato alla viticoltura di tutto il mondo, pubblicata sotto la\u00a0direzione di due eminenti ampelografi (Viala e Vermorel) che hanno fatto appello a specialisti di tutto il mondo per avere le informazioni necessarie alla compilazione dell\u2019opera. A questi si deve aggiungere un gran numero di viticoltori, ingegneri agricoli, enologi, insegnanti di agricoltura francese, specialisti nelle regioni vinicole.<\/p>\n<p class=\"p1\">Qui vengono descritti i vitigni di tutti i paesi del pianeta e di tutte le regioni francesi; vi si trovano note sui vini provenienti da vigne estremamente piccole costituite da vitigni molto rari, ignorati dal grande pubblico, ma che si possono bere in Svizzera, in Romania, a Bologna, nel Var o in Valle d&#8217;Aosta.<\/p>\n<p class=\"p1\">Questo lavoro di riferimento include un importante studio della vite in generale (Volume I), descrizioni molto numerose e meticolose di vitigni provenienti da vigneti di tutto il mondo (Volumi II a VI) e un Dizionario Ampelografico (Vol. VII) dove troviamo 24.000 nomi e sinonimi per 5.200 variet\u00e0 di uva.<\/p>\n<p class=\"p1\">Buona copia, nonostante qualche piccola macchia.<\/p>\n<p class=\"p2\">Oberl\u00e9 (Une biblioth\u00e8que Bachique, n. 276) &#8211; Simon Vinaria 60 &#8211; Nissen 2059<\/p>\n<p class=\"p2\">&#8211; Crahan 110.<\/p>\n<p class=\"p1\">15.000 \u20ac<\/p>\n","protected":false},"featured_media":975,"comment_status":"open","ping_status":"closed","template":"","meta":[],"product_brand":[],"product_cat":[17,32],"product_tag":[],"class_list":{"0":"post-974","1":"product","2":"type-product","3":"status-publish","4":"has-post-thumbnail","6":"product_cat-libri","7":"product_cat-libri-antichi","9":"first","10":"instock","11":"taxable","12":"shipping-taxable","13":"purchasable","14":"product-type-simple"},"_links":{"self":[{"href":"https:\/\/emporium-art.com\/index.php?rest_route=\/wp\/v2\/product\/974","targetHints":{"allow":["GET"]}}],"collection":[{"href":"https:\/\/emporium-art.com\/index.php?rest_route=\/wp\/v2\/product"}],"about":[{"href":"https:\/\/emporium-art.com\/index.php?rest_route=\/wp\/v2\/types\/product"}],"replies":[{"embeddable":true,"href":"https:\/\/emporium-art.com\/index.php?rest_route=%2Fwp%2Fv2%2Fcomments&post=974"}],"wp:featuredmedia":[{"embeddable":true,"href":"https:\/\/emporium-art.com\/index.php?rest_route=\/wp\/v2\/media\/975"}],"wp:attachment":[{"href":"https:\/\/emporium-art.com\/index.php?rest_route=%2Fwp%2Fv2%2Fmedia&parent=974"}],"wp:term":[{"taxonomy":"product_brand","embeddable":true,"href":"https:\/\/emporium-art.com\/index.php?rest_route=%2Fwp%2Fv2%2Fproduct_brand&post=974"},{"taxonomy":"product_cat","embeddable":true,"href":"https:\/\/emporium-art.com\/index.php?rest_route=%2Fwp%2Fv2%2Fproduct_cat&post=974"},{"taxonomy":"product_tag","embeddable":true,"href":"https:\/\/emporium-art.com\/index.php?rest_route=%2Fwp%2Fv2%2Fproduct_tag&post=974"}],"curies":[{"name":"wp","href":"https:\/\/api.w.org\/{rel}","templated":true}]}}