{"id":983,"date":"2021-01-14T14:58:16","date_gmt":"2021-01-14T13:58:16","guid":{"rendered":"https:\/\/emporium-art.com\/?post_type=product&#038;p=983"},"modified":"2022-07-14T09:44:23","modified_gmt":"2022-07-14T07:44:23","slug":"campi-baldassar-e-michele","status":"publish","type":"product","link":"https:\/\/emporium-art.com\/?product=campi-baldassar-e-michele","title":{"rendered":"CAMPI (BALDASSAR E MICHELE)"},"content":{"rendered":"<p><a href=\"https:\/\/emporium-art.com\/wp-content\/uploads\/2021\/01\/0-3.jpg\"><img loading=\"lazy\" decoding=\"async\" class=\"alignnone  wp-image-989\" src=\"https:\/\/emporium-art.com\/wp-content\/uploads\/2021\/01\/0-3-225x300.jpg\" alt=\"\" width=\"174\" height=\"232\" srcset=\"https:\/\/emporium-art.com\/wp-content\/uploads\/2021\/01\/0-3-225x300.jpg 225w, https:\/\/emporium-art.com\/wp-content\/uploads\/2021\/01\/0-3.jpg 506w\" sizes=\"auto, (max-width: 174px) 100vw, 174px\" \/><\/a> <a href=\"https:\/\/emporium-art.com\/wp-content\/uploads\/2021\/01\/0-2.jpg\"><img loading=\"lazy\" decoding=\"async\" class=\"alignnone size-medium wp-image-988\" src=\"https:\/\/emporium-art.com\/wp-content\/uploads\/2021\/01\/0-2-300x225.jpg\" alt=\"\" width=\"300\" height=\"225\" srcset=\"https:\/\/emporium-art.com\/wp-content\/uploads\/2021\/01\/0-2-300x225.jpg 300w, https:\/\/emporium-art.com\/wp-content\/uploads\/2021\/01\/0-2-768x576.jpg 768w, https:\/\/emporium-art.com\/wp-content\/uploads\/2021\/01\/0-2-568x426.jpg 568w, https:\/\/emporium-art.com\/wp-content\/uploads\/2021\/01\/0-2.jpg 899w\" sizes=\"auto, (max-width: 300px) 100vw, 300px\" \/><\/a><a href=\"https:\/\/emporium-art.com\/wp-content\/uploads\/2021\/01\/0-1-1.jpg\"><img loading=\"lazy\" decoding=\"async\" class=\"alignnone  wp-image-987\" src=\"https:\/\/emporium-art.com\/wp-content\/uploads\/2021\/01\/0-1-1-300x225.jpg\" alt=\"\" width=\"297\" height=\"223\" srcset=\"https:\/\/emporium-art.com\/wp-content\/uploads\/2021\/01\/0-1-1-300x225.jpg 300w, https:\/\/emporium-art.com\/wp-content\/uploads\/2021\/01\/0-1-1-568x426.jpg 568w, https:\/\/emporium-art.com\/wp-content\/uploads\/2021\/01\/0-1-1.jpg 674w\" sizes=\"auto, (max-width: 297px) 100vw, 297px\" \/><\/a><a href=\"https:\/\/emporium-art.com\/wp-content\/uploads\/2021\/01\/0-4.jpg\"><img loading=\"lazy\" decoding=\"async\" class=\"alignnone  wp-image-990\" src=\"https:\/\/emporium-art.com\/wp-content\/uploads\/2021\/01\/0-4-225x300.jpg\" alt=\"\" width=\"149\" height=\"199\" srcset=\"https:\/\/emporium-art.com\/wp-content\/uploads\/2021\/01\/0-4-225x300.jpg 225w, https:\/\/emporium-art.com\/wp-content\/uploads\/2021\/01\/0-4.jpg 506w\" sizes=\"auto, (max-width: 149px) 100vw, 149px\" \/><\/a> <a href=\"https:\/\/emporium-art.com\/wp-content\/uploads\/2021\/01\/0-6.jpg\"><img loading=\"lazy\" decoding=\"async\" class=\"alignnone  wp-image-992\" src=\"https:\/\/emporium-art.com\/wp-content\/uploads\/2021\/01\/0-6-300x225.jpg\" alt=\"\" width=\"244\" height=\"183\" srcset=\"https:\/\/emporium-art.com\/wp-content\/uploads\/2021\/01\/0-6-300x225.jpg 300w, https:\/\/emporium-art.com\/wp-content\/uploads\/2021\/01\/0-6-568x426.jpg 568w, https:\/\/emporium-art.com\/wp-content\/uploads\/2021\/01\/0-6.jpg 674w\" sizes=\"auto, (max-width: 244px) 100vw, 244px\" \/><\/a> <a href=\"https:\/\/emporium-art.com\/wp-content\/uploads\/2021\/01\/0-5.jpg\"><img loading=\"lazy\" decoding=\"async\" class=\"alignnone  wp-image-991\" src=\"https:\/\/emporium-art.com\/wp-content\/uploads\/2021\/01\/0-5-300x225.jpg\" alt=\"\" width=\"236\" height=\"177\" srcset=\"https:\/\/emporium-art.com\/wp-content\/uploads\/2021\/01\/0-5-300x225.jpg 300w, https:\/\/emporium-art.com\/wp-content\/uploads\/2021\/01\/0-5-568x426.jpg 568w, https:\/\/emporium-art.com\/wp-content\/uploads\/2021\/01\/0-5.jpg 674w\" sizes=\"auto, (max-width: 236px) 100vw, 236px\" \/><\/a><a href=\"https:\/\/emporium-art.com\/wp-content\/uploads\/2021\/01\/0-8.jpg\"><img loading=\"lazy\" decoding=\"async\" class=\"alignnone  wp-image-993\" src=\"https:\/\/emporium-art.com\/wp-content\/uploads\/2021\/01\/0-8-300x225.jpg\" alt=\"\" width=\"238\" height=\"178\" srcset=\"https:\/\/emporium-art.com\/wp-content\/uploads\/2021\/01\/0-8-300x225.jpg 300w, https:\/\/emporium-art.com\/wp-content\/uploads\/2021\/01\/0-8-568x426.jpg 568w, https:\/\/emporium-art.com\/wp-content\/uploads\/2021\/01\/0-8.jpg 674w\" sizes=\"auto, (max-width: 238px) 100vw, 238px\" \/><\/a><\/p>\n<p>Spicilegio botanico dialogo di Baldasar, e Michele Campi di Lucca, nel quale si manifesta lo sconosciuto Cinnamomo delli antichi, si mettono in chiaro altri semplici di oscura notitia, et alcuni del tutto nuovi alla luce si espongono. Dedicato all\u2019 Illustrissimo, et Eccellentissimo Sig. D. Alberico Cybo Malaspina, Marchese di Carrara.<\/p>\n<p>Lucca, Francesco Marescandoli, 1654.<br \/>\nCm 21 x 15, Pp 16 nn + 123. Reliure en parchemin ancien, r\u00e9parations (bien ex\u00e9cut\u00e9es) au frontispice. Ex-libris manuscrit sur la page de titre. Deux belles gravures en cuivre: la premi\u00e8re repr\u00e9sente la feuille de l\u2019arbre de cannelle, la seconde les fruits.<br \/>\nHistoire de la cannelle et son utilisation dans la pr\u00e9paration des liqueurs, des g\u00e2teaux etc.<br \/>\nAucun exemplaire ne se trouve sur le march\u00e9 actuellement, mais seulement dans le catalogue de quelque biblioth\u00e8que.<br \/>\nB.I.N.G. 382 &#8211; Paleari Henssle &#8211; NUC 92,391 &#8211; BNP 23?65; m\u00e9connu \u00e0 Vicaire, pas dans Oberl\u00e9, Pritzel 1462 &#8211; Heller I, 433 &#8211; BM (NH) 305<\/p>\n","protected":false},"excerpt":{"rendered":"<p>Campi (Baldassar e Michele) &#8211; Spicilegio botanico dialogo di Baldasar, e Michele Campi di Lucca, nel quale si manifesta lo sconosciuto Cinnamomo delli antichi, si mettono in chiaro altri semplici di oscura notitia, et alcuni del tutto nuovi alla luce si espongono. Dedicato all\u2019 Illustrissimo, et Eccellentissimo Sig. D. Alberico Cybo Malaspina, Marchese di Carrara.<\/p>\n<p>&nbsp;<\/p>\n","protected":false},"featured_media":984,"comment_status":"open","ping_status":"closed","template":"","meta":[],"product_brand":[],"product_cat":[32],"product_tag":[],"class_list":{"0":"post-983","1":"product","2":"type-product","3":"status-publish","4":"has-post-thumbnail","6":"product_cat-libri-antichi","8":"first","9":"instock","10":"taxable","11":"shipping-taxable","12":"purchasable","13":"product-type-simple"},"_links":{"self":[{"href":"https:\/\/emporium-art.com\/index.php?rest_route=\/wp\/v2\/product\/983","targetHints":{"allow":["GET"]}}],"collection":[{"href":"https:\/\/emporium-art.com\/index.php?rest_route=\/wp\/v2\/product"}],"about":[{"href":"https:\/\/emporium-art.com\/index.php?rest_route=\/wp\/v2\/types\/product"}],"replies":[{"embeddable":true,"href":"https:\/\/emporium-art.com\/index.php?rest_route=%2Fwp%2Fv2%2Fcomments&post=983"}],"wp:featuredmedia":[{"embeddable":true,"href":"https:\/\/emporium-art.com\/index.php?rest_route=\/wp\/v2\/media\/984"}],"wp:attachment":[{"href":"https:\/\/emporium-art.com\/index.php?rest_route=%2Fwp%2Fv2%2Fmedia&parent=983"}],"wp:term":[{"taxonomy":"product_brand","embeddable":true,"href":"https:\/\/emporium-art.com\/index.php?rest_route=%2Fwp%2Fv2%2Fproduct_brand&post=983"},{"taxonomy":"product_cat","embeddable":true,"href":"https:\/\/emporium-art.com\/index.php?rest_route=%2Fwp%2Fv2%2Fproduct_cat&post=983"},{"taxonomy":"product_tag","embeddable":true,"href":"https:\/\/emporium-art.com\/index.php?rest_route=%2Fwp%2Fv2%2Fproduct_tag&post=983"}],"curies":[{"name":"wp","href":"https:\/\/api.w.org\/{rel}","templated":true}]}}